{"id":234,"date":"2020-07-11T13:47:50","date_gmt":"2020-07-11T13:47:50","guid":{"rendered":"http:\/\/ddwl.eu\/?page_id=234"},"modified":"2020-07-12T13:04:04","modified_gmt":"2020-07-12T13:04:04","slug":"teuer-oder-preiswert","status":"publish","type":"page","link":"https:\/\/ddwl.eu\/?page_id=234","title":{"rendered":"teuer oder preiswert?"},"content":{"rendered":"<p>&nbsp;<\/p>\n<p><a href=\"http:\/\/ddwl.eu\/wp-content\/uploads\/2020\/07\/DSC3210-scaled.jpg\"><img decoding=\"async\" loading=\"lazy\" class=\"size-full wp-image-313\" src=\"http:\/\/ddwl.eu\/wp-content\/uploads\/2020\/07\/DSC3210-scaled.jpg\" alt=\"\" width=\"2560\" height=\"1701\" srcset=\"https:\/\/ddwl.eu\/wp-content\/uploads\/2020\/07\/DSC3210-scaled.jpg 2560w, https:\/\/ddwl.eu\/wp-content\/uploads\/2020\/07\/DSC3210-300x199.jpg 300w, https:\/\/ddwl.eu\/wp-content\/uploads\/2020\/07\/DSC3210-768x510.jpg 768w, https:\/\/ddwl.eu\/wp-content\/uploads\/2020\/07\/DSC3210-2048x1361.jpg 2048w\" sizes=\"(max-width: 2560px) 100vw, 2560px\" \/><\/a><\/p>\n<p>Ein Fachwerkhaus zu sanieren, das ist teuer.<\/p>\n<p>Das kann sich eigentlich keiner leisten.<\/p>\n<p>Auch ein gern geh\u00f6rtes Vorurteil, gen\u00e4hrt durch die vielen Horrorgeschichten \u00fcber unkalkulierbare Baukosten, b\u00f6se Handwerker, die abzocken und Beh\u00f6rden, die einem das Leben zur H\u00f6lle machen.<\/p>\n<p>&nbsp;<\/p>\n<p>Das ist aber nur der eine Teil der Geschichte.<\/p>\n<p>Der andere ist, das viele Menschen geradezu blind werden, wenn sie ihren Traum vom eigenen Altbau-Haus entwickelt haben. Bei allem Verst\u00e4ndnis f\u00fcr romantische Vorstellungen und aller Liebe zum Fachwerkhaus- es darf und muss kein Desaster werden, wenn man ein altes Haus wiederbelebt.<\/p>\n<p>Hier kann ich mit all meiner Erfahrung auf das Bauergebnis einwirken und helfen, damit die neue Nutzung eines Fachwerkhauses oder anderen Denkmales nicht in den finanziellen Ruin f\u00fchrt.<\/p>\n<p>Oftmals ist weniger am Ende mehr. Vertrauen Sie auf althergebrachte Bauweisen und Materialien. Die sind in der Regel preiswert und sichern den Bestand Ihres Geb\u00e4udes.<\/p>\n<p>Und nat\u00fcrlich gilt es eines zu sagen: Fachwerk ist nicht billig. Wenn es billig gemacht ist, taugt es nichts und wird nicht lange halten.<\/p>\n<p>&nbsp;<\/p>\n<p>Es ist aber seinen Preis wert- historische Bausubstanz \u00fcbt einen unvergleichlichen Charme auf uns aus. H\u00e4user mit Geschichte selber zu bewohnen ist ein Privileg, wie es auch das Denkmal sein ein Privileg f\u00fcr jedes Geb\u00e4ude ist.<\/p>\n","protected":false},"excerpt":{"rendered":"<p>&nbsp; Ein Fachwerkhaus zu sanieren, das ist teuer. Das kann sich eigentlich keiner leisten. Auch ein gern geh\u00f6rtes Vorurteil, gen\u00e4hrt durch die vielen Horrorgeschichten \u00fcber unkalkulierbare Baukosten, b\u00f6se Handwerker, die abzocken und Beh\u00f6rden, die einem das Leben zur H\u00f6lle machen. &nbsp; Das ist aber nur der eine Teil der Geschichte. Der andere ist, das viele [&hellip;]<\/p>\n","protected":false},"author":1,"featured_media":0,"parent":37,"menu_order":9,"comment_status":"closed","ping_status":"closed","template":"","meta":[],"_links":{"self":[{"href":"https:\/\/ddwl.eu\/index.php?rest_route=\/wp\/v2\/pages\/234"}],"collection":[{"href":"https:\/\/ddwl.eu\/index.php?rest_route=\/wp\/v2\/pages"}],"about":[{"href":"https:\/\/ddwl.eu\/index.php?rest_route=\/wp\/v2\/types\/page"}],"author":[{"embeddable":true,"href":"https:\/\/ddwl.eu\/index.php?rest_route=\/wp\/v2\/users\/1"}],"replies":[{"embeddable":true,"href":"https:\/\/ddwl.eu\/index.php?rest_route=%2Fwp%2Fv2%2Fcomments&post=234"}],"version-history":[{"count":4,"href":"https:\/\/ddwl.eu\/index.php?rest_route=\/wp\/v2\/pages\/234\/revisions"}],"predecessor-version":[{"id":315,"href":"https:\/\/ddwl.eu\/index.php?rest_route=\/wp\/v2\/pages\/234\/revisions\/315"}],"up":[{"embeddable":true,"href":"https:\/\/ddwl.eu\/index.php?rest_route=\/wp\/v2\/pages\/37"}],"wp:attachment":[{"href":"https:\/\/ddwl.eu\/index.php?rest_route=%2Fwp%2Fv2%2Fmedia&parent=234"}],"curies":[{"name":"wp","href":"https:\/\/api.w.org\/{rel}","templated":true}]}}